ors of 1629686?
2, 113, 7211
List the prime factors of 183808.
2, 359
List the prime factors of 2748845.
5, 11, 23, 41, 53
What are the prime factors of 2596576?
2, 53, 1531
List the prime factors of 9351951.
3, 7, 223, 1997
List the prime factors of 769566.
2, 3, 7, 73, 251
What are the prime factors of 1061279?
1061279
List the prime factors of 1105131.
3, 79, 4663
What are the prime factors of 2648648?
2, 331081
What are the prime factors of 17175368?
2, 7, 306703
List the prime factors of 4948978.
2, 2474489
List the prime factors of 13790928.
2, 3, 47, 6113
What are the prime factors of 1604634?
2, 3, 267439
List the prime factors of 28818.
2, 3, 1601
What are the prime factors of 280446?
2, 3, 43, 1087
List the prime factors of 610366.
2, 61, 5003
What are the prime factors of 5564493?
3, 11, 56207
List the prime factors of 4019155.
5, 7, 114833
List the prime factors of 359734.
2, 41, 107
What are the prime factors of 4468890?
2, 3, 5, 181, 823
What are the prime factors of 10700093?
821, 13033
List the prime factors of 1538363.
29, 53047
What are the prime factors of 1563641?
89, 17569
List the prime factors of 867429.
3, 10709
What are the prime factors of 345703?
523, 661
What are the prime factors of 311336?
2, 38917
What are the prime factors of 4103061?
3, 1367687
What are the prime factors of 28366121?
7, 73, 55511
What are the prime factors of 1134184?
2, 141773
What are the prime factors of 14989699?
17, 37, 23831
What are the prime factors of 5865387?
3, 11, 177739
What are the prime factors of 270826?
2, 19, 7127
List the prime factors of 117565.
5, 7, 3359
List the prime factors of 441465.
3, 5, 19, 1549
List the prime factors of 53065.
5, 10613
What are the prime factors of 76571?
11, 6961
What are the prime factors of 2256552?
2, 3, 31, 337
List the prime factors of 153303.
3, 137, 373
List the prime factors of 171427.
171427
What are the prime factors of 159072?
2, 3, 1657
What are the prime factors of 259172?
2, 64793
What are the prime factors of 146091?
3, 11, 19, 233
What are the prime factors of 18208939?
7, 23, 107, 151
What are the prime factors of 157721?
157721
List the prime factors of 1709855.
5, 7, 997
What are the prime factors of 1886810?
2, 5, 188681
What are the prime factors of 3705838?
2, 107, 17317
List the prime factors of 487986.
2, 3, 81331
List the prime factors of 2151089.
2151089
What are the prime factors of 574892?
2, 101, 1423
List the prime factors of 511335.
3, 5, 11, 1033
What are the prime factors of 3235605?
3, 5, 19, 11353
List the prime factors of 517071.
3, 172357
List the prime factors of 3942820.
2, 5, 7, 28163
What are the prime factors of 627852?
2, 3, 52321
What are the prime factors of 9081377?
41, 221497
List the prime factors of 781056.
2, 3, 113
What are the prime factors of 2507183?
7, 19, 2693
What are the prime factors of 1792029?
3, 563, 1061
List the prime factors of 505535.
5, 101107
What are the prime factors of 2286708?
2, 3, 29, 6571
What are the prime factors of 2667109?
47, 56747
List the prime factors of 1062299.
7, 29, 5233
List the prime factors of 2388399.
3, 13, 47, 1303
List the prime factors of 8746865.
5, 1749373
What are the prime factors of 2821173?
3, 223, 4217
List the prime factors of 52229.
29, 1801
What are the prime factors of 5478202?
2, 1483, 1847
What are the prime factors of 487425?
3, 5, 67, 97
What are the prime factors of 539726?
2, 11, 24533
What are the prime factors of 396120?
2, 3, 5, 3301
What are the prime factors of 23106104?
2, 7, 412609
List the prime factors of 643318.
2, 13, 109, 227
List the prime factors of 1188522.
2, 3, 66029
List the prime factors of 3193001.
7, 349, 1307
List the prime factors of 18566659.
79, 197, 1193
List the prime factors of 313748.
2, 78437
List the prime factors of 79233.
3, 7, 11
What are the prime factors of 813944?
2, 71, 1433
What are the prime factors of 12151383?
3, 23, 61, 2887
List the prime factors of 10730655.
3, 5, 13, 17, 83
What are the prime factors of 102736?
2, 6421
What are the prime factors of 270012?
2, 3, 22501
What are the prime factors of 464957?
29, 16033
List the prime factors of 1551265.
5, 461, 673
What are the prime factors of 1364218?
2, 29, 43, 547
What are the prime factors of 1214052?
2, 3, 7, 97, 149
What are the prime factors of 1566311?
89, 17599
What are the prime factors of 306141?
3, 11, 9277
List the prime factors of 202007.
13, 41, 379
List the prime factors of 139557.
3, 11, 4229
List the prime factors of 6746225.
5, 449, 601
What are the prime factors of 158518?
2, 79259
List the prime factors of 2959441.
383, 7727
List the prime factors of 166898.
2, 83449
What are the prime factors of 4115328?
2, 3, 7, 1531
What are the prime factors of 207752?
2, 25969
What are the prime factors of 4638429?
3, 515381
What are the prime factors of 238823?
13, 18371
What are the prime factors of 4492041?
3, 1497347
What are the prime factors of 6171980?
2, 5, 61, 5059
What are the prime factors of 3390230?
2, 5, 339023
What are the prime factors of 220979?
11, 20089
What are the prime factors of 281708?
2, 7, 10061
What are the prime factors of 1691769?
3, 139, 4057
List the prime factors of 424512.
2, 3, 11, 67
What are the prime factors of 5927267?
5927267
What are the prime factors of 5909963?
43, 167, 823
List the prime factors of 235784.
2, 29473
List the prime factors of 200941.
13, 29, 41
List the prime factors of 13927561.
313, 44497
List the prime factors of 194990.
2, 5, 17, 31, 37
What are the prime factors of 27648?
2, 3
What are the prime factors of 169832?
2, 13, 23, 71
List the prime factors of 830033.
53, 15661
List the prime factors of 10320829.
10320829
What are the prime factors of 169479?
3, 6277
List the prime factors of 18262151.
2423, 7537
What are the prime factors of 19978149?
3, 47, 141689
List the prime factors of 3476639.
19, 182981
What are the prime factors of 462750?
2, 3, 5, 617
List the prime factors of 233856.
2, 3, 7, 29
List the prime factors of 20314114.
2, 31, 327647
List the prime factors of 1225366.
2, 29, 37, 571
What are the prime factors of 1123431?
3, 29, 37, 349
What are the prime factors of 263099?
307, 857
What are the prime factors of 20289652?
2, 1381, 3673
What are the prime factors of 1232490?
2, 3, 5, 7, 5869
What are the prime factors of 279974?
2, 139987
What are the prime factors of 7033867?
1447, 4861
List the prime factors of 800977.
800977
What are the prime factors of 492146?
2, 246073
What are the prime factors of 264059?
264059
What are the prime factors of 509089?
7, 72727
What are the prime factors of 100114?
2, 7, 7151
What are the prime factors of 905414?
2, 59, 7673
List the prime factors of 211168.
2, 6599
List the prime factors of 748989.
3, 83221
What are the prime factors of 1206638?
2, 603319
List the prime factors of 1031048.
2, 359
List the prime factors of 7069923.
3, 7, 37, 337
What are the prime factors of 13836?
2, 3, 1153
What are the prime factors of 20558263?
11, 71, 2393
What are the prime factors of 92304?
2, 3, 641
What are the prime factors of 688953?
3, 29, 7919
What are the prime factors of 362461?
11, 83, 397
What are the prime factors of 15440453?
7, 2205779
List the prime factors of 305029.
305029
List the prime factors of 2361925.
5, 94477
What are the prime factors of 1131536?
2, 7, 10103
What are the prime factors of 180355?
5, 7, 5153
What are the prime factors of 3247891?
59, 55049
List the prime factors of 167746.
2, 83873
What are the prime factors of 7174428?
2, 3, 597869
List the prime factors of 1451572.
2, 101, 3593
List the prime factors of 1447473.
3, 563, 857
List the prime factors of 213418.
2, 17, 6277
List the prime factors of 3584948.
2, 223, 4019
List the prime factors of 670945.
5, 11, 1109
List the prime factors of 14063010.
2, 3, 5, 13, 107, 337
What are the prime factors of 227516?
2, 23, 2473
List the prime factors of 4555.
5, 911
What are the prime factors of 24977027?
24977027
List the prime factors of 846425.
5, 33857
What are the prime factors of 389782?
2, 194891
What are the prime factors of 312976?
2, 31, 631
What are the prime factors of 3497188?
2, 107, 8171
List the prime factors of 875954.
2, 437977
What are the prime factors of 788071?
788071
List the p